tive of n(d). What is c(-2)?
-4
Suppose -s + 7 = 4*u, 4 = -3*u + 1. Let w = s + -8. Suppose -4*z + w*m - 32 = 0, 8*z = 3*z + m - 29. Let a(r) = -r**2 - 6*r - 4. Calculate a(z).
1
Let a(l) = -l**2 + 3*l - 5. Suppose -4 = -h - 0. Let q(f) = h*f - 2*f + 3*f**2 - f. Let c be q(1). Calculate a(c).
-9
Let o(f) = 5 - 18 - f - 2 + 2. Give o(-12).
-1
Let p be (-2)/(-4) + 2/4. Let c(j) = j**2 + 1. Let b(t) be the second derivative of t**4/6 - t**3/6 + 5*t**2/2 + 2*t. Let x(i) = p*b(i) - 3*c(i). What is x(-2)?
0
Suppose -3*p = p - 16. Let a be p*(3 - -1)/(-4). Let m(n) = -n. Determine m(a).
4
Let n(a) be the third derivative of 0*a - 2*a**2 - 1/60*a**5 + 1/2*a**3 + 0 - 1/8*a**4. Determine n(-4).
-1
Let j(a) = a + 7. Let b = 5 + -41. Let f be (4/(-3))/((-12)/b). What is j(f)?
3
Let y = -2 + 4. Let w(n) = -4*n + 2*n - 91*n**2 + 92*n**2. What is w(y)?
0
Let s(z) be the first derivative of z**2 - 9*z - 1. Let d(o) = -o**2 + 5*o + 2. Let t be d(4). Give s(t).
3
Let b(z) = -2*z**2 - 2*z - 1. Suppose -11*i = -6 + 17. Calculate b(i).
-1
Let h(m) = m - 5. Let g(c) = -2*c - 7. Let i be g(-8). Let p be h(i). Let v(y) be the second derivative of -y**5/20 + y**4/3 - 2*y. Determine v(p).
0
Let o be 2*(-2 - -1) + 7. Suppose 2*x = -5*q + 173, 1 = 2*q - 3*q. Let w(h) = 2*h - 85 + x - h - 3*h. Give w(o).
-6
Let m = 111 - 111. Let o(g) be the first derivative of -4/3*g**3 + 4 + 0*g**2 + m*g. Determine o(-1).
-4
Let c be 56/21 - (-2)/(-3). Let k(z) = -c*z + 1 + 2 - 3*z - z. What is k(2)?
-9
Let s(w) = -w**2 + 2*w - 4. Let z(k) = k**2 - k + 1. Suppose -2*g + 10 = 3*g. Let v(j) = g*z(j) + s(j). Give v(0).
-2
Let r(t) be the second derivative of -t**4/12 - 2*t**3/3 - t**2/2 + 17*t + 2. Calculate r(-5).
-6
Let a(q) = q + 4. Let j be a(-2). Let i(g) be the third derivative of g**5/60 - g**3/3 + 42*g**2. Calculate i(j).
2
Let b(n) = -n**2 - 1. Let o(f) = -4*f**2 - 8*f - 4. Let v(s) = -5*b(s) + o(s). What is v(7)?
-6
Let a be (0 + (-3 - -2))*4. Let v(i) = -6*i**2 + 6*i + 5. Let s(o) = 5*o**2 - 6*o - 4. Let x(f) = a*v(f) - 5*s(f). Calculate x(5).
5
Let s = 0 - -3. Let p(c) = 5*c**3 + 11*c**2 + 6*c - 11. Let u(m) = 3*m**3 + 6*m**2 + 3*m - 6. Let k(j) = -4*p(j) + 7*u(j). Calculate k(s).
2
Let z(r) = -r**2 - 4*r - 2. Let x(l) = -l**2 - 9*l - 3. Let w be x(-9). Calculate z(w).
1
Let b(j) be the third derivative of -7*j**4/24 - j**3/2 - j**2 - 1. Give b(3).
-24
Let a(r) be the third derivative of -r**5/30 - r**4/24 + 5*r**2. Calculate a(3).
-21
Let n(z) = 5*z + 11. Let j(v) = -4*v - 11. Let d be ((-3)/2)/(9/12). Let u = 6 + d. Let k(p) = u*j(p) + 3*n(p). What is k(-6)?
-5
Let j(m) = m**3 + 4*m**2 - 5*m - 4. Let i be j(-5). Let d(s) = s + 10. Let k(l) = l + 7. Let u(o) = 3*d(o) - 5*k(o). What is u(i)?
3
Let g(j) = -j - 5. Let l be (-5 - -2) + 11 - (3 + -1). Determine g(l).
-11
Let h(i) = -i. Let d be h(0). Let j(f) = -f**3 + f**2 - f + 6. Calculate j(d).
6
Let h(c) be the first derivative of -4*c + 2 + 1/3*c**3 - 1/2*c**2. Let z be ((-5)/10)/((-2)/12). Give h(z).
2
Let q(f) be the first derivative of 0*f**2 + 5*f - 1/3*f**3 + 1. Give q(0).
5
Let r(j) = j**3 - 7*j**2 + 7*j - 8. Let m be r(6). Let o be 1 + -1 - 1 - -3. Let y(a) = 3*a - a**3 - 2*a + 2*a - a + o - a**2. What is y(m)?
2
Let m(z) be the first derivative of -z**2 + 6*z + 1. What is m(4)?
-2
Let y(m) = -4*m**2 - 2*m - 5. Let o be (-26)/(-6) + 10/15. Let k(f) = -f**2 - f. Let j(b) = o*k(b) - y(b). Calculate j(-4).
1
Let i(t) = t**2 - 1. Suppose -9 = 5*l - 2*l, 5*l = -h - 13. Let s(x) = -7*x - x**2 + 6*x - 4 + 5. Let m(d) = h*s(d) + 3*i(d). Determine m(-1).
2
Suppose 27*f - 32*f + 20 = 0. Let w(x) = -x**3 + 3*x**2 + 7*x - 5. What is w(f)?
7
Let z(y) = y - 5. Let o be z(5). Suppose -4*h + o*w + 8 = -4*w, -3*h + 14 = w. Let k(j) = 4*j - j + 1 + h - 3. What is k(-2)?
-4
Let w(h) = 12*h - 6*h**2 - 2 + 3*h**2 - 4*h. Let c(i) = i**2 - i - 1. Let b(v) = 2*c(v) + w(v). Determine b(4).
4
Let t(i) = -i + 6. Suppose -6 = -2*f + 4. What is t(f)?
1
Let t be (-152)/(-57)*(-6)/(-4). Let x(m) = -m**3 + 4*m**2 + 4*m - 4. Determine x(t).
12
Let g(d) = -4*d**2 - 3 - d**3 - 3 + 9 - 1. Calculate g(-3).
-7
Let h(o) be the second derivative of 8*o + 2/3*o**3 - 1/12*o**4 + 7/2*o**2 + 0. Calculate h(5).
2
Let s(p) = p**2 - 5*p + 8. Let g(y) = -5*y**2 + 19*y - 33. Let w(h) = 2*g(h) + 9*s(h). Calculate w(-5).
16
Let q(z) = z**3 + 5*z**2 + 3*z - 1. Let o(k) = -k**2 - 5*k - 4. Let b be o(-5). Let f be q(b). Let s(a) = -f*a + 2*a - a. Calculate s(-2).
4
Let x be 3/(-5)*(0 - 10). Suppose -5*s = w + x, -3*s + 5*s = 3*w - 16. Let j(k) = -k**3 + 3*k**2 + 3*k - 4. Determine j(w).
-8
Let h(r) = -13*r - 19. Let b(u) = -4*u - 6. Let k(m) = -7*b(m) + 2*h(m). What is k(-4)?
-4
Let k(d) be the third derivative of -3*d**2 - 1/2*d**3 + 0*d - 1/8*d**4 + 0. Give k(-3).
6
Let l = 5 + -9. Let x(m) be the first derivative of -3*m**2/2 - 6*m + 4. Calculate x(l).
6
Let c(k) be the third derivative of 1/15*k**5 + 0 - k**2 + 1/6*k**4 - 1/6*k**3 + 0*k. Let j(t) = 9*t**2 + 9*t - 3. Let m(s) = 7*c(s) - 3*j(s). Determine m(-2).
4
Suppose 2 = t - 0*t. Let s(h) = 2 - 1 + t*h**2 - 4 - 2*h. Let p be ((-12)/9)/((-4)/(-6)). What is s(p)?
9
Let s be 1 + (1/(-1))/1. Let b(g) be the second derivative of -9*g - 1/12*g**4 + 0 + 5/2*g**2 - 1/6*g**3. What is b(s)?
5
Let s(f) = -f**2 + 2*f - 2. Let w(v) = -v**2 + 2*v - 1. Let a(r) = 3*s(r) - 4*w(r). Give a(4).
6
Suppose 0 = -4*d + 2*l + 10, 0 = -3*d + 4*l - 9*l + 1. Let k = -2 - -4. Let w(c) = -c**2 + c + k + 0*c**2 - 4. Calculate w(d).
-4
Let y(i) = -i**3 + 6*i**2 - 3*i - 4. Let s = -122 + 127. What is y(s)?
6
Let v(j) = -j + 1. Let n(q) = 5*q - 14. Let c(o) = -n(o) - 6*v(o). What is c(-8)?
0
Suppose 3*p - p = -12. Let d be p/15 + 6/15. Let n(k) = -k**2 - k - 5. What is n(d)?
-5
Suppose 2*f - 7 = 15. Let o(u) = 2*u**3 + 23*u**2 - 20*u. Let t(p) = p**3 + 8*p**2 - 7*p. Let m(v) = f*t(v) - 4*o(v). What is m(2)?
14
Let n(k) = -k**2 + 4*k + 5. Let d be n(4). Suppose h + d = -0. Let i = h + 9. Let u(r) = -r**3 + 5*r**2 - 5*r. Give u(i).
-4
Let z = 64 - 56. Let q(j) = -j**3 + 9*j**2 - 11*j + 7. Calculate q(z).
-17
Let i = 36 + -43. Let b(a) = -a**2 - 7*a - 3. What is b(i)?
-3
Let t(w) = -13*w + 19 + 15*w - 25. Let l = 1 + 3. Give t(l).
2
Suppose 2*t = 5*m + 24, -4 = -2*m + 4*m + 2*t. Let u be 12/9*6/m. Let w(j) = -3*j**2 + 3*j + 2*j**2 + 4 - 2 - j**3. Give w(u).
0
Let n(s) = 11*s + 14*s - 17*s - 1 - s**2. Determine n(7).
6
Let i(j) = -1 - 1 + j - 2*j - j**2. Let b be i(0). Let x = b + 1. Let u(l) = -4*l**2 - 1. Give u(x).
-5
Let i(x) be the second derivative of -x**3/6 + x**2 - x. Suppose -3*j + 5*v - 3*v + 17 = 0, -4*v = -4*j + 24. What is i(j)?
-3
Let d(j) = -28 + 16 + 6*j + 13. What is d(-2)?
-11
Let j(r) = -r - 3*r + 2*r + 2*r**2. Suppose -7*c - 22 = 4*c. Give j(c).
12
Suppose 3*u - 3 - 3 = 0. Let n(v) = -6*v**3 + 3*v**2 + 3*v - 8. Let h(b) = b**3 + 1. Let j(s) = 5*h(s) + n(s). Give j(u).
7
Let x(w) = -w**2 - 5*w + 1. Let h(c) = -c**3 - 5*c**2 - 6*c - 5. Let s be h(-4). Suppose 4*n + 24 = -2*b, 0 = -3*b + b - s*n - 20. Calculate x(b).
5
Let z(p) = p**2 + 3*p. Suppose 0 = 2*x - 4*x. Suppose 5*w - 4*w + 3 = x. Determine z(w).
0
Let l(p) = -2 - 4*p - 3 + 2 + 11*p + p**2. Let m be ((-7)/14)/(1/14). Calculate l(m).
-3
Let b be 2/4 - (-6)/(-4). Let m be -2 + 3 - b - -1. Let s(a) = a**3 - 5*a**2 + 2*a + 2. Calculate s(m).
-10
Let r(z) = 7 - 4*z**2 + 16*z - 6*z - 3*z - z**3. Suppose h - 7 = -o, 0*o + 5*o - 5*h = 45. Suppose 0 = 3*m + o + 7. What is r(m)?
-3
Let v(y) be the first derivative of y**4/4 - 5*y**3/3 + 2*y**2 - 1. Let q be v(4). Let a(z) = -z + 6. Give a(q).
6
Suppose 2*g + 2 = -0. Let v(o) be the third derivative of 3/40*o**6 + 0 - 15*o**2 + 0*o + 0*o**3 - 1/60*o**5 + 0*o**4. Determine v(g).
-10
Let z be (-2)/9 - 1210/(-99). Let d(n) = n - 2*n + 2*n - z*n**2. Determine d(1).
-11
Let u(m) = -m**3 + 3*m + 3 + m - m + 7*m**2 - 9*m**2. Give u(-3).
3
Let i be 1/(-2) + (-30)/(-12). Let w(f) be the first derivative of 2*f**2 + 2. Determine w(i).
8
Let m(j) = 2*j**2 + 6*j - j**2 + 0*j**3 + 5 - 6*j**2 - j**3. What is m(-6)?
5
Let m(x) = 1 + 2 - 1 - 4*x. Let r(b) = -b**2 - 13*b - 14. Let g be r(-12). Determine m(g).
10
Let b(h) = -h**2 + 3*h - 6. Let p(l) = l + 9. Let c(v) = v + 3 - 2 + 0*v. Let d be c(-6). Let g be p(d). Determine b(g).
-10
Let k(v) = 